, 3*u - 7*l = 60. Calculate the remainder when p is divided by u.
5
Suppose -2*w = -2*w + 5*w. Suppose w = x - 3*o, 2*o = -5*x - 3*o + 20. What is the remainder when 9 is divided by x?
0
Suppose -w + 0*w = 4*w. Suppose w*l - 3*l = t - 27, t + 5*l - 25 = 0. What is the remainder when t is divided by 8?
6
Let u be (-8 + -6)*5/2. Let f = u - -38. What is the remainder when f is divided by 3?
0
Let f(i) = i**2 + 2*i - 35. Calculate the remainder when f(10) is divided by 22.
19
Suppose 0 = -u + 11*u - 60. Suppose u*i - 3*i = -4*c + 11, 3*i - c = 31. What is the remainder when i is divided by 3?
0
What is the remainder when 170*(5 + (-32)/20 + 0) is divided by 11?
6
Suppose -3*j = -6 - 3, v - 5*j = -7. Calculate the remainder when 25/2*(-24)/(-15) is divided by 2/4*(v*3)/2.
2
Let s be (-4)/6*10374/(-28). Suppose 326 = 4*q + 4*i - i, -3*q = i - s. Calculate the remainder when q is divided by 29.
25
Let j be 77/33*(-2 + 5). Suppose a + 4*p - j = 0, 3*p - 8*p = -4*a + 28. What is the remainder when 68 is divided by a?
5
Let o = 45 + -161. Let b = -62 - o. What is the remainder when b is divided by 28?
26
Let z = 70 + -70. Suppose 9*u - 270 = -z*u. What is the remainder when u is divided by 4?
2
What is the remainder when 883 is divided by (76 - 14) + -5 + 11?
67
Let b = 212 + -180. Calculate the remainder when b is divided by 12.
8
Let c(p) = -73*p + 340. Calculate the remainder when 134 is divided by c(4).
38
Calculate the remainder when (2 + 10)/((-93)/(-403)) is divided by 20.
12
Let g(x) = -4*x - 31. Let o be g(-9). What is the remainder when 9 is divided by (-13)/(-5) - -1 - (-2)/o?
1
Let r(u) = 62*u**3 + u**2 - u. Suppose l = 3*l. Suppose 2*d = -l*d, 4*p - 84 = 4*d. Calculate the remainder when r(1) is divided by p.
20
Let b(w) = w. Let z be b(13). Suppose 0*v + z = 4*h + v, 2*h - 2 = -2*v. Suppose h*x - 219 = x. Calculate the remainder when x is divided by 19.
16
Suppose -l - 4*a = 3 - 5, -2*a = -5*l + 120. Let p(v) = v**2 - 3*v + 2. Suppose 32 = -4*n + 48. Calculate the remainder when l is divided by p(n).
4
Let u(l) = 3*l**2 + 7*l - 6. Calculate the remainder when u(-6) is divided by 35.
25
Let q be ((-2)/6)/((-3)/27 - 0). Suppose y + q = 9. Calculate the remainder when 38 is divided by y.
2
Let q = -17 - -22. Suppose 598 = 5*t + 2*n, 603 = q*t - 4*n + n. Suppose -8*j + t = -3*j. What is the remainder when 93 is divided by j?
21
Let f = -46 - -17. Let c = f + 53. What is the remainder when c is divided by 5?
4
Suppose -5*u + 0 + 2 = -l, 4*l = -4*u - 8. Let w = -14 + 30. Calculate the remainder when -2 + -26*5/l is divided by w.
15
Let u = 13 + -7. Suppose 2*p + 4*t - 144 = 0, -u*t + t - 301 = -4*p. Calculate the remainder when p is divided by 19.
17
Let n(i) = i**3 + 7*i**2 - 6*i + 7. Let u be n(-7). Let t = 53 - u. Calculate the remainder when 31 is divided by t.
3
Suppose -5*f + 9 + 161 = 0. Suppose -6*z + 7*z = f. Calculate the remainder when z is divided by 12.
10
Let y(p) = 3*p**2 - 14*p - 75. What is the remainder when 35 is divided by y(-4)?
6
Suppose 0*h + 33 = 2*r + h, 2*r = h + 31. Let p = 41 - r. Suppose 0 = -2*k - 5 + p. Calculate the remainder when k is divided by 6.
4
Let c = 12 + -12. Let x be (-1)/(4/(-48)) + c. Suppose -2*p + x = 2*j, -3*j = 5*p + j - 33. Calculate the remainder when p is divided by 5.
4
Let o(k) = k**3 + 12*k**2 + 19*k + 18. What is the remainder when 417 is divided by o(-10)?
25
Let n be (3 + -1 + -1)*(9 - 6). Suppose -5*o = -4*r - 23, -2*o - 5*r - n = 1. What is the remainder when 24 is divided by o?
0
Let k = 19 + -15. Suppose 5*h + k*g - 69 = -9, -5*h = -5*g - 60. What is the remainder when 41 is divided by h?
5
Suppose r = u - 17, 4*u - 5*r - 61 = -8*r. Calculate the remainder when u is divided by 4.
0
Suppose 2*i - 36 = -2*o, 9*o = 5*o + i + 57. What is the remainder when 21 is divided by o?
6
Suppose 254*o + 11 = 255*o. Let x(l) = 7*l - 1. Calculate the remainder when o is divided by x(1).
5
Let u = -41 + 24. Let t = 21 + u. What is the remainder when 458/t - (-2)/4 is divided by 29?
28
Let g = -6 + 13. Calculate the remainder when ((-60)/(-70))/((-8)/(-112)) is divided by g.
5
Let f(i) = i**3 - 15*i**2 - 18*i + 12. Let o be f(16). Let v = -18 - o. Calculate the remainder when 8 is divided by (-2 - -2) + 4 + v.
2
Let v be 260 + 4*(-1)/2. Suppose 3*w = 0, 3*n - v = -w + 4*w. What is the remainder when n is divided by 1/((1602/44)/9 + -4)?
20
Let v(a) be the second derivative of -a**5/10 - a**4/3 - 2*a**3/3 - 2*a**2 + 24*a. Calculate the remainder when 10 is divided by v(-2).
2
Let f(g) = 2*g + 3. Let h be f(3). Let s = h - 6. What is the remainder when (34/s)/((-3)/(-18)) is divided by 23?
22
Suppose -9*l = -10*l + 4. Suppose 4*n + l*f = n + 279, 2*f = n - 83. Calculate the remainder when n is divided by 18.
17
Suppose 2*h = -6, -i - 5*h - 10 - 3 = 0. Suppose -4*l + 3*r + 12 = 0, 1 = l + 5*r - i. Suppose -30 = l*j - 5*j. Calculate the remainder when 42 is divided by j.
12
Suppose -14*b + 9*b + 650 = 0. Calculate the remainder when b is divided by 27.
22
Let f = -27 + 32. Suppose 4*r - 2 = -2*p, 2*p + 3*p + 4*r - 11 = 0. Suppose -p*g - 4 = -1, 0 = f*m + 4*g - 126. Calculate the remainder when m is divided by 9.
8
Let j = -318 - -318. Let p = 18 - -11. Suppose n + p = b - j*b, 4*b + 2*n - 98 = 0. Calculate the remainder when b is divided by 10.
6
Suppose 0*a = -9*a + 900. Let i be (4/(-6))/((-2)/(-210)). Let h = a + i. What is the remainder when 117 is divided by h?
27
Suppose -45 = -5*f - 4*x + 26, 3*x = 4*f - 32. Suppose 0 = -p + 3*j - 11, 4*p + 1 = 2*j - 3. Calculate the remainder when 2 + 1 + p - -25 is divided by f.
7
Let n be 10/(-3)*(-30)/25. Let j = n - 4. Suppose 2*a + j + 2 = 0, -5*a = -3*g + 11. Calculate the remainder when 5 is divided by g.
1
Let o be ((-3 - -1) + 1)*(3 + -3). What is the remainder when 92 is divided by 16 + 3 - o/3?
16
Let h be 93/15 + (-48)/40. Let m be (-8)/(-3) + (-4)/6. Suppose f + h*l = -5, f + m*l - 30 = 4*l. Calculate the remainder when 37 is divided by f.
17
Suppose -110*i = -120*i + 710. Calculate the remainder when i is divided by 24.
23
Suppose 2*f + 12 = 4*t, -t + 4 = 2*f - 9. Calculate the remainder when 83 is divided by 28 - -3*f/12.
25
Suppose -4*b + 5*m = 608, m + 70 = -2*b - 248. Let l = 308 + b. What is the remainder when l is divided by 9?
7
Calculate the remainder when 144 is divided by (-5)/10*(0 - 6).
0
Suppose -44*u + 13*u = -682. Let s(x) = 22*x - 2. Calculate the remainder when s(3) is divided by u.
20
Let y = -18 - -33. Let f(o) = 4*o**3 - o**2 - 21*o + 42. What is the remainder when f(2) is divided by y?
13
Suppose 0 = 21*o - 19*o - 14. Calculate the remainder when 53 is divided by 36/63 - (-59)/o.
8
Let c = 33 + 9. What is the remainder when c is divided by (-164)/(-12) - -3 - (-2)/(-3)?
10
Let f(w) = 19*w**2 - 79*w - 169. Let d(y) = 12*y**3 - y**2 + y - 1. Calculate the remainder when f(6) is divided by d(1).
8
Suppose 4*l = 2*i + 346, 0*i + 5*i = 2*l - 161. Suppose 7*q - l = 3*q. What is the remainder when 41 is divided by q?
19
Let z = -13 - -28. Calculate the remainder when (-1 - 1 - -1) + 29 + 121 is divided by z.
14
Let l be 3*224/(-18)*3. What is the remainder when ((-72)/84)/(2/l) is divided by 10?
8
Suppose j - 4 = 2*j, 0 = 3*f + 2*j - 865. Let o = -157 + f. Let w = 190 - o. Calculate the remainder when w is divided by 19.
18
Let i(n) = -3*n - 4. Let a be i(-3). Suppose -1 = a*o - 36. Calculate the remainder when o is divided by 5.
2
Let q(y) be the second derivative of -y**5/20 + y**4 + 7*y**2 + 15*y. Let m = -32 - -85. Calculate the remainder when m is divided by q(12).
11
Let p(y) be the second derivative of -y**5/20 + y**4/2 + 4*y**3/3 + 5*y**2 - 14*y. Calculate the remainder when 84 is divided by p(7).
16
Let t = -18 + 23. Let n be 2/t + (-756)/15. Let h = -35 - n. What is the remainder when 57 is divided by h?
12
Suppose 0 = -18*d + 21*d - 90. What is the remainder when 22 is divided by (2 - 0/(-1))/(5/d)?
10
Let c(w) = w**3 + 7*w**2 + 7*w + 1. Calculate the remainder when 93 is divided by c(-5).
13
Let w(j) = -2*j**3 - 17*j**2 - 10*j - 10. Let s(y) = 9*y**3 - 3*y - 2. Let o be s(-1). Let f = 15 + -4. Calculate the remainder when f is divided by w(o).
5
Let s be 21/2*(-4 - (-112)/12). Let u = s + -44. What is the remainder when